4273?
4273
List the prime factors of 663.
3, 13, 17
What are the prime factors of 18459?
3, 7, 293
List the prime factors of 68541.
3, 11, 31, 67
List the prime factors of 67.
67
What are the prime factors of 30066?
2, 3, 5011
What are the prime factors of 109264?
2, 6829
List the prime factors of 13001.
13001
List the prime factors of 17390.
2, 5, 37, 47
What are the prime factors of 819?
3, 7, 13
List the prime factors of 5698.
2, 7, 11, 37
List the prime factors of 441.
3, 7
List the prime factors of 22737.
3, 11, 13, 53
What are the prime factors of 589?
19, 31
What are the prime factors of 2040?
2, 3, 5, 17
What are the prime factors of 37125?
3, 5, 11
What are the prime factors of 30708?
2, 3, 853
What are the prime factors of 5423?
11, 17, 29
List the prime factors of 37017.
3, 457
What are the prime factors of 2394?
2, 3, 7, 19
List the prime factors of 6586.
2, 37, 89
List the prime factors of 17813.
47, 379
What are the prime factors of 628?
2, 157
What are the prime factors of 623?
7, 89
What are the prime factors of 1759?
1759
What are the prime factors of 10624?
2, 83
List the prime factors of 760.
2, 5, 19
List the prime factors of 1618.
2, 809
What are the prime factors of 16481?
16481
List the prime factors of 335.
5, 67
List the prime factors of 8307.
3, 13, 71
What are the prime factors of 867?
3, 17
List the prime factors of 2170.
2, 5, 7, 31
List the prime factors of 4888.
2, 13, 47
List the prime factors of 1229.
1229
What are the prime factors of 2877?
3, 7, 137
What are the prime factors of 6801?
3, 2267
What are the prime factors of 6535?
5, 1307
List the prime factors of 72.
2, 3
List the prime factors of 164.
2, 41
List the prime factors of 685.
5, 137
List the prime factors of 1351.
7, 193
What are the prime factors of 593?
593
What are the prime factors of 18848?
2, 19, 31
What are the prime factors of 32306?
2, 29, 557
List the prime factors of 3614.
2, 13, 139
What are the prime factors of 93947?
7, 13421
List the prime factors of 2041.
13, 157
What are the prime factors of 5951?
11, 541
List the prime factors of 1060.
2, 5, 53
What are the prime factors of 158?
2, 79
What are the prime factors of 1064?
2, 7, 19
What are the prime factors of 1476?
2, 3, 41
List the prime factors of 7564.
2, 31, 61
What are the prime factors of 10029?
3, 3343
List the prime factors of 84549.
3, 28183
List the prime factors of 4868.
2, 1217
What are the prime factors of 2670?
2, 3, 5, 89
What are the prime factors of 1199?
11, 109
List the prime factors of 2027.
2027
List the prime factors of 27740.
2, 5, 19, 73
List the prime factors of 37226.
2, 7, 2659
List the prime factors of 1166.
2, 11, 53
What are the prime factors of 14497?
7, 19, 109
What are the prime factors of 2853?
3, 317
List the prime factors of 483.
3, 7, 23
List the prime factors of 15945.
3, 5, 1063
List the prime factors of 26.
2, 13
What are the prime factors of 15477?
3, 7, 11, 67
List the prime factors of 1460.
2, 5, 73
What are the prime factors of 179488?
2, 71, 79
What are the prime factors of 68425?
5, 7, 17, 23
What are the prime factors of 5003?
5003
List the prime factors of 1076.
2, 269
List the prime factors of 6786.
2, 3, 13, 29
List the prime factors of 6561.
3
What are the prime factors of 399?
3, 7, 19
List the prime factors of 40978.
2, 7, 2927
What are the prime factors of 33401?
127, 263
List the prime factors of 2479.
37, 67
List the prime factors of 2252.
2, 563
What are the prime factors of 34425?
3, 5, 17
List the prime factors of 27321.
3, 7, 1301
List the prime factors of 27059.
27059
What are the prime factors of 3795?
3, 5, 11, 23
What are the prime factors of 90448?
2, 5653
What are the prime factors of 2714?
2, 23, 59
What are the prime factors of 393?
3, 131
What are the prime factors of 70?
2, 5, 7
What are the prime factors of 833?
7, 17
List the prime factors of 6.
2, 3
What are the prime factors of 12837?
3, 11, 389
What are the prime factors of 761?
761
What are the prime factors of 5213?
13, 401
List the prime factors of 16861.
13, 1297
List the prime factors of 1613.
1613
What are the prime factors of 20119?
11, 31, 59
List the prime factors of 113328.
2, 3, 787
What are the prime factors of 32855?
5, 6571
List the prime factors of 26169.
3, 11, 13, 61
List the prime factors of 16179.
3, 5393
What are the prime factors of 20168?
2, 2521
What are the prime factors of 3584?
2, 7
List the prime factors of 4992.
2, 3, 13
List the prime factors of 729.
3
List the prime factors of 25539.
3, 8513
What are the prime factors of 68777?
68777
List the prime factors of 640.
2, 5
List the prime factors of 1966.
2, 983
What are the prime factors of 756?
2, 3, 7
List the prime factors of 1804.
2, 11, 41
List the prime factors of 1597.
1597
List the prime factors of 16083.
3, 1787
What are the prime factors of 1054?
2, 17, 31
What are the prime factors of 1358?
2, 7, 97
List the prime factors of 66469.
13, 5113
List the prime factors of 4861.
4861
What are the prime factors of 2193?
3, 17, 43
List the prime factors of 72651.
3, 61, 397
What are the prime factors of 1197?
3, 7, 19
What are the prime factors of 2081?
2081
List the prime factors of 3940.
2, 5, 197
List the prime factors of 4021.
4021
List the prime factors of 2332.
2, 11, 53
What are the prime factors of 523?
523
List the prime factors of 12509.
7, 1787
What are the prime factors of 1195?
5, 239
List the prime factors of 117.
3, 13
What are the prime factors of 5145?
3, 5, 7
List the prime factors of 59890.
2, 5, 53, 113
List the prime factors of 24544.
2, 13, 59
List the prime factors of 1319.
1319
List the prime factors of 3202.
2, 1601
What are the prime factors of 56781?
3, 701
List the prime factors of 21314.
2, 10657
What are the prime factors of 33955?
5, 6791
List the prime factors of 1050.
2, 3, 5, 7
What are the prime factors of 10488?
2, 3, 19, 23
List the prime factors of 13915.
5, 11, 23
What are the prime factors of 1808?
2, 113
List the prime factors of 2137.
2137
List the prime factors of 2720.
2, 5, 17
What are the prime factors of 120492?
2, 3, 3347
What are the prime factors of 19042?
2, 9521
List the prime factors of 1100.
2, 5, 11
What are the prime factors of 921?
3, 307
What are the prime factors of 2500?
2, 5
List the prime factors of 6908.
2, 11, 157
What are the prime factors of 4905?
3, 5, 109
What are the prime factors of 17123?
17123
List the prime factors of 6107.
31, 197
What are the prime factors of 9366?
2, 3, 7, 223
List the prime factors of 1154.
2, 577
What are the prime factors of 1008?
2, 3, 7
What are the prime factors of 275?
5, 11
What are the prime factors of 709?
709
What are the prime factors of 4433?
11, 13, 31
List the prime factors of 3084.
2, 3, 257
List the prime factors of 1585.
5, 317
What are the prime factors of 115092?
2, 3, 23, 139
List the prime factors of 41.
41
What are the prime factors of 27639?
3, 37, 83
What are the prime factors of 6145?
5, 1229
List the prime factors of 453.
3, 151
What are the prime factors of 1967?
7, 281
What are the prime factors of 5231?
5231
What are the prime factors of 1688?
2, 211
What are the prime factors of 4639?
4639
What are the prime factors of 6805?
5, 1361
List the prime factors of 17664.
2, 3, 23
List the prime factors of 3341.
13, 257
List the prime factors of 272.
2, 17
What are the prime factors of 1802?
2, 17, 53
What are the prime factors of 16051?
7, 2293
What are the prime factors of 1352?
2, 13
What are the prime factors of 5169?
3, 1723
What are the prime factors of 26730?
2, 3, 5, 11
List the prime factors of 6038.
2, 3019
List the prime factors of 7498.
2, 23, 163
List the prime factors of 28997.
107, 271
What are the prime factors of 459?
3, 17
List the prime factors of 8501.
8501
List the prime factors of 3873.
3, 1291
What are the prime factors of 49614?
2, 3, 8269
List the prime factors of 2898.
2, 3, 7, 23
List the prime factors of 10278.
2, 3, 571
List the prime factors of 6464.
2, 101
What are the prime factors of 228?
2, 3, 19
List the prime factors of 3730.
2, 5, 373
List the prime factors of 20964.
2, 3, 1747
What are the prime factors of 817?
19, 43
List the prime factors of 40250.
2, 5, 7, 23
List the prime factors of 37090.
2, 5, 3709
What are the prime